 divisor of 1975 and 24775585.
395
What is the greatest common factor of 234813066 and 50408?
12602
Calculate the highest common factor of 482207 and 26609.
649
What is the greatest common factor of 4837 and 17381?
7
Calculate the greatest common divisor of 113 and 641492977.
113
Calculate the highest common divisor of 11698588 and 11.
11
What is the greatest common divisor of 77211609 and 19151?
1741
What is the greatest common factor of 110973708 and 5004?
5004
What is the greatest common factor of 704 and 689104?
16
What is the greatest common factor of 52768 and 5093761?
1649
Calculate the greatest common divisor of 322 and 24128426.
322
What is the greatest common divisor of 575288 and 132?
4
What is the greatest common divisor of 199542 and 840?
42
What is the highest common factor of 16118043 and 6396?
123
What is the highest common divisor of 2849436 and 428?
4
Calculate the greatest common divisor of 17646364 and 912.
76
Calculate the greatest common divisor of 568480 and 39644.
748
What is the greatest common factor of 1323 and 10573857?
441
What is the highest common divisor of 1485 and 369172815?
165
Calculate the greatest common divisor of 73 and 153917507.
73
Calculate the greatest common factor of 13801307 and 657.
73
Calculate the greatest common divisor of 17250507 and 6041.
863
What is the greatest common factor of 72 and 63015232?
8
Calculate the highest common divisor of 60 and 868085.
5
What is the highest common factor of 300246 and 547381?
307
What is the highest common factor of 928636 and 5704?
124
Calculate the highest common factor of 2354 and 174518712.
214
Calculate the highest common divisor of 171648 and 2201472.
1152
Calculate the greatest common divisor of 46671669 and 26883.
927
What is the greatest common divisor of 24610 and 28032288?
214
What is the greatest common divisor of 111370170 and 6?
6
What is the greatest common divisor of 1788 and 135131676?
1788
Calculate the highest common divisor of 121755919 and 43.
43
Calculate the greatest common divisor of 226834303 and 46.
23
What is the highest common divisor of 604997441 and 197?
197
Calculate the greatest common divisor of 27 and 3534831.
9
What is the greatest common factor of 496513888 and 18928?
2704
What is the highest common divisor of 48 and 12679736?
8
Calculate the highest common factor of 696560 and 400.
80
What is the greatest common factor of 9040 and 37463455?
565
Calculate the highest common factor of 264 and 4272928.
88
Calculate the highest common divisor of 8 and 1615474.
2
Calculate the greatest common factor of 523095 and 30818.
811
Calculate the greatest common factor of 334694239 and 11.
11
Calculate the greatest common divisor of 432974597 and 12892.
3223
Calculate the highest common factor of 171 and 1177405167.
57
What is the highest common factor of 2068 and 244486?
22
What is the highest common divisor of 954 and 2241267498?
954
Calculate the highest common factor of 954871735 and 610.
305
Calculate the greatest common factor of 818 and 14208251.
409
What is the highest common divisor of 28160 and 261376?
256
Calculate the highest common divisor of 225641285 and 5.
5
Calculate the highest common factor of 30362508 and 1584.
396
Calculate the greatest common divisor of 78997 and 1909562.
401
Calculate the highest common divisor of 69073551 and 10506.
309
What is the highest common factor of 6935 and 27366897?
1387
What is the greatest common divisor of 54582772 and 828?
92
Calculate the highest common factor of 393 and 174820679.
131
Calculate the greatest common factor of 3306 and 3128090916.
3306
What is the highest common factor of 889780 and 4250?
170
What is the highest common factor of 1545625 and 10625?
625
What is the highest common divisor of 160154489 and 473?
473
What is the highest common factor of 305288302 and 1298?
1298
Calculate the highest common factor of 21319071 and 975426.
6681
Calculate the highest common divisor of 30791061 and 49.
49
What is the greatest common divisor of 558762 and 14214?
138
Calculate the highest common divisor of 32496 and 70032.
48
Calculate the highest common divisor of 371979171 and 9.
9
Calculate the greatest common factor of 17502571 and 1292.
17
Calculate the greatest common divisor of 330487463 and 3621.
1207
Calculate the greatest common divisor of 28749933 and 10701.
261
What is the greatest common factor of 252775 and 57325?
25
What is the greatest common divisor of 401756 and 2444?
188
What is the highest common factor of 7550 and 3950?
50
Calculate the highest common factor of 24 and 6334344.
24
What is the greatest common factor of 50166575 and 1845?
205
What is the greatest common divisor of 374477766 and 1794?
1794
What is the highest common factor of 824140371 and 114?
57
Calculate the highest common divisor of 394072 and 3656.
8
Calculate the greatest common factor of 12860 and 73052516.
2572
What is the highest common factor of 3841648 and 19?
19
What is the greatest common divisor of 228903 and 1099743?
123
Calculate the greatest common divisor of 8789424 and 10360.
2072
Calculate the greatest common factor of 135216 and 5184.
432
Calculate the greatest common divisor of 203 and 3336508.
203
Calculate the greatest common factor of 150844 and 63296.
172
What is the highest common divisor of 2554433 and 651?
7
What is the greatest common divisor of 41874420 and 1176?
588
Calculate the greatest common factor of 25 and 147703120.
5
What is the highest common divisor of 1 and 683664?
1
Calculate the greatest common factor of 22928178 and 32487.
1911
Calculate the greatest common factor of 56862 and 584982.
162
Calculate the greatest common factor of 2718339 and 612222.
1833
What is the highest common divisor of 272602902 and 1612?
806
What is the greatest common factor of 296 and 605949?
37
What is the greatest common factor of 630059 and 437?
19
What is the highest common factor of 10 and 252996385?
5
What is the highest common factor of 121 and 24554398?
11
Calculate the greatest common divisor of 100 and 17251240.
20
What is the highest common factor of 7788 and 6158361?
1947
Calculate the greatest common divisor of 1628 and 5226287.
407
Calculate the highest common factor of 401868 and 93420.
108
What is the greatest common divisor of 107 and 8584717?
107
What is the greatest common factor of 5047 and 421743?
49
What is the greatest common divisor of 17787 and 57918?
147
What is the highest common factor of 2810535 and 2535?
195
What is the greatest common divisor of 1137875 and 33500?
125
What is the greatest common factor of 6 and 10293648?
6
Calculate the greatest common divisor of 248811920 and 210.
70
Calculate the highest common factor of 51 and 537249.
3
Calculate the greatest common factor of 86 and 1184390151.
43
What is the greatest common factor of 337243 and 21389?
293
What is the greatest common divisor of 3490169337 and 111?
111
What is the highest common divisor of 33455 and 255?
5
What is the greatest common divisor of 116 and 1023526?
58
Calculate the greatest common divisor of 5271344 and 2080.
208
Calculate the greatest common divisor of 12382 and 40016.
82
Calculate the highest common factor of 2324366 and 88.
22
Calculate the highest common divisor of 24 and 170596452.
12
What is the greatest common factor of 120 and 23843240?
40
Calculate the highest common divisor of 36067684 and 4.
4
What is the highest common divisor of 51 and 2471121207?
51
What is the greatest common factor of 110569010 and 80?
10
Calculate the greatest common factor of 2796 and 371279908.
932
Calculate the greatest common divisor of 13896 and 36514056.
4632
What is the highest common factor of 454 and 7671465?
227
Calculate the greatest common divisor of 1953 and 64529073.
1953
Calculate the highest common factor of 2719647 and 3524.
881
What is the greatest common divisor of 9110160 and 8640?
720
What is the highest common factor of 42679062 and 10138?
274
Calculate the highest common divisor of 2000 and 107249360.
80
Calculate the highest common divisor of 4713816 and 361911.
2991
What is the greatest common divisor of 1800679 and 296?
37
Calculate the greatest common factor of 288 and 15354.
18
What is the greatest common factor of 17336 and 57497?
11
Calculate the 